353.
129
Calculate the highest common divisor of 1428848 and 304.
16
What is the greatest common factor of 3245 and 136939?
649
What is the greatest common factor of 44710 and 1360?
170
Calculate the greatest common divisor of 27544 and 1252.
1252
Calculate the greatest common factor of 198 and 23886.
18
What is the highest common divisor of 92100 and 1500?
300
What is the highest common factor of 56406 and 168?
42
Calculate the highest common divisor of 432 and 416340.
108
What is the highest common factor of 10596 and 24?
12
Calculate the greatest common factor of 935732 and 138.
46
What is the greatest common factor of 2040 and 584520?
120
Calculate the highest common divisor of 152 and 11951.
19
Calculate the highest common factor of 38411 and 497.
71
Calculate the greatest common factor of 1180 and 15635.
295
What is the greatest common factor of 183166 and 2?
2
What is the greatest common factor of 107 and 132359?
107
Calculate the highest common divisor of 257 and 729109.
257
What is the highest common divisor of 1095 and 400040?
365
What is the highest common divisor of 4 and 721980?
4
What is the greatest common divisor of 11623 and 3481?
59
Calculate the highest common factor of 1134 and 8127.
189
What is the highest common divisor of 666 and 28342?
74
Calculate the greatest common factor of 790295 and 22.
11
What is the highest common divisor of 351405 and 228?
57
Calculate the highest common divisor of 4706 and 33644.
26
Calculate the highest common divisor of 56429 and 803.
73
Calculate the highest common factor of 1104 and 62859.
69
Calculate the greatest common divisor of 1456 and 5330.
26
Calculate the greatest common divisor of 86 and 30401.
43
Calculate the highest common divisor of 764 and 692.
4
Calculate the greatest common divisor of 1105 and 2632552.
221
What is the greatest common factor of 17688 and 632748?
804
What is the highest common factor of 4747868 and 1114?
1114
Calculate the greatest common factor of 60 and 1030452.
12
What is the greatest common divisor of 26159 and 1554?
259
Calculate the highest common divisor of 2285 and 330.
5
Calculate the greatest common divisor of 112 and 26592.
16
What is the greatest common divisor of 21 and 1451583?
21
Calculate the greatest common divisor of 77 and 91203.
7
What is the greatest common factor of 8775 and 7200?
225
What is the highest common factor of 4635 and 225?
45
Calculate the highest common divisor of 158652 and 17316.
468
What is the greatest common divisor of 3524 and 300?
4
What is the highest common factor of 518 and 329?
7
Calculate the greatest common factor of 34143 and 399.
57
Calculate the highest common divisor of 237622 and 77.
77
Calculate the highest common factor of 28404 and 5724.
108
Calculate the highest common divisor of 151 and 3.
1
What is the greatest common divisor of 11400 and 4553160?
2280
Calculate the greatest common divisor of 721717 and 46.
23
What is the highest common factor of 1536 and 31536?
48
Calculate the highest common divisor of 3420 and 2700.
180
What is the greatest common factor of 1810736 and 8?
8
What is the highest common factor of 3283091 and 94?
47
What is the highest common divisor of 1291 and 366?
1
What is the greatest common factor of 1853 and 341824?
109
What is the highest common divisor of 80 and 96872?
8
What is the greatest common divisor of 13415 and 465?
5
Calculate the greatest common factor of 159 and 7486833.
159
Calculate the highest common factor of 238437 and 1323.
27
Calculate the highest common factor of 16 and 49.
1
Calculate the greatest common divisor of 85 and 183350.
5
What is the highest common divisor of 16328 and 360?
8
What is the greatest common factor of 3591 and 3780?
189
What is the highest common divisor of 145465 and 3055?
235
Calculate the highest common divisor of 918436 and 2.
2
Calculate the greatest common divisor of 340314 and 624.
78
Calculate the highest common divisor of 35 and 43939.
7
What is the highest common factor of 280 and 10360?
280
What is the greatest common divisor of 486 and 451818?
162
What is the greatest common factor of 38 and 22819?
19
Calculate the highest common factor of 2860 and 35607.
143
Calculate the greatest common divisor of 56619 and 40542.
699
What is the highest common factor of 3 and 939999?
3
What is the greatest common divisor of 9 and 5313357?
9
Calculate the greatest common factor of 1042 and 398.
2
What is the greatest common factor of 386 and 21088724?
386
What is the greatest common factor of 54397 and 133?
133
Calculate the greatest common factor of 973532 and 196.
196
Calculate the highest common divisor of 784 and 1105832.
392
What is the greatest common factor of 1484 and 3388?
28
Calculate the greatest common factor of 120735 and 390.
15
What is the highest common divisor of 34891 and 2183?
37
Calculate the highest common factor of 355785 and 30.
15
What is the highest common factor of 210 and 1308510?
210
Calculate the greatest common factor of 112863 and 4029.
51
Calculate the greatest common divisor of 16102 and 2134.
194
Calculate the greatest common divisor of 340186 and 770.
154
Calculate the highest common divisor of 65108 and 164.
164
Calculate the highest common divisor of 1853913 and 3.
3
What is the greatest common divisor of 17355197 and 449?
449
What is the highest common divisor of 976 and 4640?
16
What is the greatest common factor of 23790 and 65880?
1830
Calculate the greatest common divisor of 87441 and 7.
1
What is the highest common divisor of 107169 and 3058?
139
Calculate the greatest common factor of 1130 and 27233.
113
What is the greatest common divisor of 866 and 232954?
866
What is the highest common divisor of 2096 and 84364?
524
What is the highest common divisor of 320 and 11590?
10
Calculate the greatest common factor of 172896 and 384.
96
Calculate the greatest common factor of 29 and 10967.
1
What is the greatest common factor of 39176 and 31624?
472
Calculate the greatest common factor of 233390 and 40.
10
Calculate the greatest common divisor of 416 and 17069.
13
What is the highest common factor of 106278 and 6?
6
What is the greatest common factor of 598655 and 85?
85
What is the greatest common factor of 16211 and 989?
43
Calculate the highest common factor of 1325883 and 39.
39
What is the greatest common factor of 64 and 547904?
64
What is the greatest common divisor of 590906 and 129?
43
Calculate the highest common divisor of 2656 and 2822.
166
What is the greatest common factor of 528 and 9372?
132
Calculate the greatest common divisor of 368 and 874.
46
What is the highest common divisor of 1392 and 2874?
6
Calculate the greatest common factor of 3992 and 236526.
998
What is the highest common factor of 1817 and 65965?
79
What is the highest common factor of 555 and 11652?
3
What is the greatest common factor of 120 and 1612890?
30
Calculate the highest common factor of 240 and 157848.
24
What is the greatest common factor of 39564 and 756?
252
Calculate the greatest common divisor of 2895 and 65427.
579
Calculate the greatest common factor of 366282 and 19.
19
Calculate the greatest common divisor of 65490 and 5994.
222
Calculate the greatest common divisor of 13384 and 74090.
478
Calculate the greatest common divisor of 5405 and 159800.
235
Calculate the highest common divisor of 416 and 52.
52
What is the highest common factor of 13116 and 1864658?
2186
Calculate the greatest common divisor of 231252 and 24.
12
Calculate the highest common factor of 11330 and 1870.
110
What is the greatest common factor of 14 and 16994?
2
What is the highest common divisor of 1731 and 692977?
577
What is the highest common factor of 230 and 24495?
115
What is the greatest common divisor of 7345 and 2405?
65
Calculate the highest common factor of 168 and 33348.
84
What is the greatest common divisor of 16980 and 140?
20
Calculate the highest common factor of 10952 and 7252.
148
What is the greatest common divisor of 115782 and 276?
138
Calculate the greatest common factor of 10773 and 49.
7
Calculate the highest common factor of 374 and 4012.
34
What is the greatest common factor of 184 and 710953?
23
Calculate the greatest common divisor of 3944 and 6526334.
986
Calculate the highest common factor 